 - 4*p. Suppose -4*v + h - n = 0. What are the prime factors of v?
2
Let s = 6 - 2. Let w(f) = -f. Let k be w(-2). What are the prime factors of 1 - -2*k/s?
2
Let i(y) be the first derivative of y**4/4 - y**3/3 + 12*y - 2. Let d be i(0). Suppose 0*x + 4*x - d = 0. List the prime factors of x.
3
Let s(o) be the second derivative of o**3/6 + 13*o**2/2 + o. Suppose 2*r + 15 = 1. What are the prime factors of s(r)?
2, 3
Suppose -2*c - 3*c = 0, 4*c + 308 = 4*o. List the prime factors of o.
7, 11
Suppose -f - g + 71 + 35 = 0, -2*g = -4*f + 412. What are the prime factors of f?
2, 13
Let w(a) = -a**2 - a. Let n be w(-1). Suppose -z + 2*z - 4 = n. What are the prime factors of z?
2
List the prime factors of 8/(-2) + 13/1.
3
Suppose -8 + 36 = 7*z. Let h = -14 - -21. Let g = h + z. What are the prime factors of g?
11
Let o(t) = -t**2 - 13*t - 11. Let l(y) = -y - 17. Let h be l(-9). List the prime factors of o(h).
29
Suppose 3*d = -d + 100. What are the prime factors of d?
5
Suppose 3*b + 29 = 4*u + 9, 20 = 4*u + 4*b. Let j = -2 + u. Suppose -j*f + 4 = -f. List the prime factors of f.
2
Let k(u) be the second derivative of u**4/6 + 4*u**3/3 - 2*u**2 - u. Let d be k(-6). Suppose -4*c + 0*c + d = 0. List the prime factors of c.
5
Suppose -3*u + 2*l + 3 = 0, 0 = -3*u + u + 5*l + 13. Let z(x) = -15*x - 1. What are the prime factors of z(u)?
2, 7
Suppose -8 = 5*s + 3*j + 26, -2*s - 2*j - 16 = 0. Suppose 6*c = 8*c - 16. Let r = c - s. List the prime factors of r.
13
Let u(f) = -22*f - 23. List the prime factors of u(-6).
109
Suppose -4*n = -5*o + 1, -6 = n - 2*o - 2. Suppose 2*l - n = -0. What are the prime factors of l?
3
Let d(c) = 5*c - 6 - c - 3*c. Let w be d(8). Suppose f = -4*y + 1, -f - w*y + 4 = -3. List the prime factors of f.
13
Let v be (12/(-15))/((-4)/20). What are the prime factors of 11 + v/(2*-1)?
3
Let f be (4/(-2) - -14) + -3. List the prime factors of f/(2/(-8)*-2).
2, 3
Suppose 0 = -0*d + d + 31. Suppose 0 = -g - 3*i - 6, i = -4 + 9. Let w = g - d. What are the prime factors of w?
2, 5
Suppose 0 = 7*g - 4*g - 375. Suppose 4*s + g = -s. Let m = -14 - s. What are the prime factors of m?
11
Suppose 0 = -4*y - 3*s + 2 + 7, 2*y = -4*s + 2. Suppose -5 + 33 = 4*k. Suppose 5*m - y = k. List the prime factors of m.
2
Suppose -3*t = 3*b - 231, -b - 3*b + 4*t = -292. What are the prime factors of b?
3, 5
Suppose -5*t = -3*t + 30. Let w be (-12)/t*(-25)/(-2). Suppose 4*r - 26 = w. List the prime factors of r.
3
Suppose 19 = 3*v - 20. Suppose -2 = 2*w, -u + 0*w + 3*w + v = 0. What are the prime factors of u?
2, 5
Suppose -15 = 3*k, -2*v = 2*k + k - 303. List the prime factors of v.
3, 53
Let i = -3 + -1. List the prime factors of (-46)/i - 12/(-8).
13
Let m = 47 + 14. List the prime factors of m.
61
Let t = 14 + 1. Let m be (t/6)/(4/8). Suppose 2*c - 2*y = 28, -4*c - m*y + 14 = -60. List the prime factors of c.
2
Let n be ((-140)/(-16))/((-1)/4). Let l = n - -25. List the prime factors of l/4*(-4 + 0).
2, 5
Suppose 0 = 5*h - 15, -5*n + 5*h + 201 = -34. List the prime factors of n.
2, 5
Let t = 8 + -7. List the prime factors of 292/14 - t/(-7).
3, 7
Suppose -4*g + 76 = -0*g. List the prime factors of g.
19
Suppose y + 5*x - 141 - 114 = 0, -4*y + 4*x = -1044. What are the prime factors of y?
2, 5, 13
Suppose 4*j - 354 = 206. List the prime factors of j.
2, 5, 7
Let l = -8 - -3. Let r(a) = -a**2 - 11*a + 2. Let y be r(l). Suppose -3*i + 0*j - j + y = 0, i - 16 = 5*j. List the prime factors of i.
11
Suppose 433 = 2*f + 139. Suppose 0 = 4*a - 359 + f. List the prime factors of a.
53
Let y be 1/1 + -3 + 4. Let p(u) = -u**y - 3 - u - 2*u - 4*u. What are the prime factors of p(-6)?
3
Suppose 0 = 9*r - 6*r - 351. List the prime factors of r.
3, 13
Suppose 3*c - 150 = -3. What are the prime factors of c?
7
Let x = 546 + -351. List the prime factors of x.
3, 5, 13
Let a be (14/10)/(1/5). Suppose -3*d + a + 8 = 0. Suppose -5*j - d*s = -20, -2*j + 5*s + 32 = -11. List the prime factors of j.
3
Let n(t) = t**3 + 9*t**2 + 8*t + 6. Suppose -2*w = -105 - 15. Suppose 4*a = -5*u - w, -2*u + 9 = 4*a - 9*a. List the prime factors of n(u).
2, 3
Suppose 296 = f + f. Suppose 5*w + 13 = f. What are the prime factors of w?
3
Let d(n) = -n - 8. Let i be d(-8). Suppose 5*v + 4*x - 134 = i, -4*v = -2*v + x - 53. List the prime factors of v.
2, 13
Let g be -1 - 1 - 2/(-2). Let h = -1 - g. Suppose h*o + 3*z = 5*o - 62, 4*o = 2*z + 50. What are the prime factors of o?
13
Let f = -5 - -11. Let t be 4*f/8*1. Suppose v + 5 = -t*q, -q = v - 0*q - 3. What are the prime factors of v?
7
Let k = 558 + -303. What are the prime factors of k?
3, 5, 17
Suppose d + 7 = 2*r - 51, -11 = -r + 5*d. Suppose 3*w = -4*v + 3*v + 125, -r = -w + 5*v. List the prime factors of w.
41
Suppose -2*c + 4 - 1 = b, -3*c + 4*b - 12 = 0. Suppose c = d - 4*d + 69. What are the prime factors of d?
23
Let x be -9*(1 - 0)*-1. Let u = 3 - x. List the prime factors of u/(-4) - (-1)/2.
2
Let m(x) = -x**2 - 5*x - 9. Let k be m(-8). Let b = k + 54. List the prime factors of b.
3, 7
Suppose 0 = -5*p + 53 - 18. Let u = 16 - p. List the prime factors of u.
3
Suppose -5*w + w = -120. What are the prime factors of w?
2, 3, 5
Let a(y) = -4*y - 12. Let w be a(-9). Let g = w - 18. List the prime factors of g.
2, 3
Let a = 23 - 14. List the prime factors of a.
3
Let w = -21 - -32. What are the prime factors of w?
11
Suppose -5*m + 1549 = q + 141, 0 = 2*m - 5*q - 574. What are the prime factors of m?
2, 3, 47
Suppose -4*l - 162 - 14 = 0. Let t = -76 - l. What are the prime factors of (-3)/(-2)*t/(-6)?
2
Let l(x) = x**3 + 2*x**2 + x - 2. Let b be l(-2). What are the prime factors of ((-5)/b)/((-3)/(-60))?
5
Let d(h) = -h - 5*h + 4*h + 2. Let q(w) = w**2 + w. Let a(z) = d(z) + 5*q(z). What are the prime factors of a(-2)?
2
Let n be (-2)/6 - 165/(-9). Suppose -f + n = -21. Let v = f - 28. List the prime factors of v.
11
Let a be 4*(-1 - 9/(-6)). Let b(n) = -10*n**2 + 7*n - a*n**3 + 4*n**2 + n**3 + 6. List the prime factors of b(-7).
2, 3
Suppose -23 = -5*q + 22. Let x = q - 13. What are the prime factors of x*((-3)/(-2) + -2)?
2
Let z = -16 - -7. Let m = -7 - z. What are the prime factors of (11/(-11))/((-1)/m)?
2
Let n = -193 + 358. What are the prime factors of n?
3, 5, 11
Let b(v) = v**3 + 7*v**2 - v - 4. Let g be b(-7). Suppose 0 = -g*q - u + 13, -5*u + 18 = -2. What are the prime factors of q?
3
Suppose 0 = -5*d + 3*d + 8. Suppose o + 28 = b + 2*o, d*b - 127 = o. List the prime factors of b.
31
Suppose -2*p - p + 93 = 0. What are the prime factors of p?
31
Let y(d) = -d**2 - 8*d - 9. Let i be y(-6). Suppose 0 = 4*s - 41 - 75. Suppose -5 = i*m - s. What are the prime factors of m?
2
Suppose 5*n - 4*i - 109 = 0, -3*n + 3*i + 29 + 37 = 0. What are the prime factors of 2 + (-7)/(n/(-54))?
2, 5
Suppose 40 = -5*w + 180. List the prime factors of w.
2, 7
Let r(g) = -g**2 + 9*g - 8. Let m be r(9). What are the prime factors of (15/12)/((-2)/m)?
5
Let a(d) = -2*d - 7. Let h be a(-6). Let c be (12/15)/(2/10). Suppose -30 = -0*f - f + h*o, -c*o = 4*f. What are the prime factors of f?
5
Let w be (2*7)/(2 - 1). What are the prime factors of ((-40)/w)/((-6)/21)?
2, 5
Let o(y) = 4*y**2 - 1. Let x be o(-1). Suppose -3*m + 0 = x. Let a = m + 6. What are the prime factors of a?
5
Let h = -2 + 2. Suppose -a = -h*a. Suppose a = v - 1 - 8. What are the prime factors of v?
3
Suppose 3*s + 2*s = 0. Suppose -a - 1 + 5 = 0. Suppose 2*w + a*r = 14, -5*r = -w - s*r + 14. List the prime factors of w.
3
Let h(t) be the third derivative of -t**6/120 + 2*t**5/15 + t**4/24 + t**3/6 - 5*t**2. Let b be 0/(-2) + (9 - 1). List the prime factors of h(b).
3
Let a(z) = z**2 - 15*z + 16. List the prime factors of a(16).
2
Let c(u) = -u + 20. Suppose 2*b = -b. List the prime factors of c(b).
2, 5
Let j be 3/9 - 28/(-6). Suppose -j*p - 11 = -m, 3*m - p - 9 + 46 = 0. Let d = m + 21. List the prime factors of d.
7
Suppose 2*f = 4*f + 3*g - 160, 5*g = -4*f + 322. What are the prime factors of f?
83
Suppose u + 5*j = 60, 0 = 3*u - 0*u - 4*j - 218. List the prime factors of u.
2, 5, 7
Let o(u) = -u**2 - 6*u - 5. Let a be o(-4). Suppose -f = 2*i - 12, -2*f = f - a*i - 9. List the prime factors of f.
2, 3
Suppose -3*j + j = -74. What are the prime factors of j?
37
Suppose -8*i